what is -11101000011010 + 101101?
-11100111101101
In base 16, what is -557c - f?
-558b
In base 10, what is 231619 + 6?
231625
In base 5, what is -20 - -123444003?
123443433
In base 3, what is 11121 - -10202002?
10220200
In base 3, what is 11112100 - 0?
11112100
In base 12, what is -a8a + -9?
-a97
In base 13, what is 910 + 2c?
93c
In base 2, what is -111 + 1110100001000110?
1110100000111111
In base 14, what is -11 - -1a50?
1a3d
In base 10, what is 16994 - 25?
16969
In base 7, what is 456 - 1021?
-232
In base 16, what is 3 - -5cba?
5cbd
In base 16, what is -5c + 1d11?
1cb5
In base 6, what is 1 + -502?
-501
In base 4, what is -20311300 + -3?
-20311303
In base 16, what is 5a8da + 2?
5a8dc
In base 6, what is 10334 - 5353?
541
In base 15, what is -108 + 862c?
8524
In base 12, what is ba - 1338b?
-13291
In base 15, what is 5 - 4982?
-497c
In base 13, what is 3c9095 - -4?
3c9099
In base 15, what is -73b + -2a6?
-9e2
In base 10, what is 632 - 233?
399
In base 5, what is 3 + -111322?
-111314
In base 13, what is 159 - 38?
121
In base 8, what is 0 + 37642?
37642
In base 4, what is -3 - -33113301?
33113232
In base 12, what is -333 - -847?
514
In base 14, what is 3d - 549?
-50a
In base 8, what is 200 + -1352?
-1152
In base 5, what is 0 + -233410?
-233410
In base 14, what is -4 + 6a8c1?
6a8bb
In base 11, what is 7 - -8324?
8330
In base 8, what is -3 + -155?
-160
In base 11, what is 55a + -117?
443
In base 11, what is 3 + -29950?
-29948
In base 9, what is -183 + -32775?
-33068
In base 14, what is 23c + -9d7?
-799
In base 2, what is -11100011000110101 + 11?
-11100011000110010
In base 5, what is -3 + 1413022?
1413014
In base 16, what is 2 + -3b30b?
-3b309
In base 11, what is -1527514 - -4?
-1527510
In base 13, what is 103 - -7c5?
8c8
In base 15, what is -3 + -25e?
-262
In base 4, what is 1103022 + 223?
1103311
In base 6, what is -4 + -3353040?
-3353044
In base 15, what is -10aec + -2?
-10aee
In base 14, what is -27c9 + -5a?
-2845
In base 2, what is -1011010 - -1001?
-1010001
In base 11, what is 470 - -1029?
1499
In base 9, what is -50 - 137382?
-137442
In base 4, what is -2200 - 122?
-2322
In base 12, what is -16b890 - 3?
-16b893
In base 10, what is -1 + 30841?
30840
In base 11, what is 2 - -7a70?
7a72
In base 10, what is 156961 + 6?
156967
In base 13, what is -2c9c1 + -10?
-2ca01
In base 4, what is 1 + 2123033?
2123100
In base 16, what is 26d9 + -d?
26cc
In base 13, what is -3b269 + -3?
-3b26c
In base 5, what is -3442233 + -10?
-3442243
In base 6, what is 0 + -2442044?
-2442044
In base 5, what is -240413311 + 10?
-240413301
In base 15, what is -8 - -10?
7
In base 15, what is 33 - 564?
-531
In base 7, what is 3 - 31500?
-31464
In base 2, what is 10 - -100010011100101?
100010011100111
In base 14, what is 57 + -770?
-717
In base 4, what is -13103003 - -203?
-13102200
In base 3, what is 110201200 + 2?
110201202
In base 7, what is 4 + 234523?
234530
In base 8, what is -77 - 1256?
-1355
In base 6, what is -343520 - -1?
-343515
In base 4, what is -1 - -2320?
2313
In base 8, what is -2243437 + 2?
-2243435
In base 10, what is -1042080 - -3?
-1042077
In base 14, what is 309 - -12bd?
15c8
In base 10, what is -5 + -718093?
-718098
In base 4, what is 31 + 31010121?
31010212
In base 15, what is 1664c - 5?
16647
In base 15, what is -5 - 4261?
-4266
In base 10, what is 1124779 - 3?
1124776
In base 10, what is 30277 + 7?
30284
In base 5, what is 23242 + -42?
23200
In base 16, what is 4 - 54c9?
-54c5
In base 10, what is -2457 - -641?
-1816
In base 11, what is 5 + -2514?
-250a
In base 6, what is -23100 - 5?
-23105
In base 5, what is -4 + 443301?
443242
In base 5, what is 30 + 12011040?
12011120
In base 6, what is -114422531 + -5?
-114422540
In base 7, what is 120 + -1164?
-1044
In base 7, what is 22 - -541056?
541111
In base 3, what is -10202211002 - 12?
-10202211021
In base 11, what is 9a8 + 515?
1412
In base 7, what is 254661 + -4?
254654
In base 11, what is -114 - 304?
-418
In base 5, what is 20233 - -113?
20401
In base 4, what is 102133130 - -12?
102133202
In base 10, what is -301 - -356?
55
In base 16, what is 8d - 49?
44
In base 10, what is -25243 + -5?
-25248
In base 4, what is 2320321121 + 11?
2320321132
In base 14, what is 5a1 - 23?
57c
In base 5, what is -121304 + 1110?
-120144
In base 2, what is 1001 + 100000100?
100001101
In base 16, what is 4 + -646?
-642
In base 11, what is 490345 - 1?
490344
In base 9, what is 183 + 407?
601
In base 11, what is -87 - 3a9?
-485
In base 15, what is -9aece + 3?
-9aecb
In base 9, what is 127 + -1108?
-871
In base 10, what is -2 - -1030515?
1030513
In base 13, what is -58 + -449b?
-4526
In base 11, what is -5 - -a7612?
a7608
In base 2, what is 11010110 - -10111100000?
11010110110
In base 13, what is 66958 - 3?
66955
In base 5, what is -340332 - 0?
-340332
In base 9, what is -20428 + -5?
-20434
In base 16, what is 50 + -ec?
-9c
In base 7, what is 6054 - -43?
6130
In base 9, what is 2 - 5533?
-5531
In base 11, what is -620 - -319?
-302
In base 6, what is -4 + 222003?
221555
In base 14, what is 0 - 44420?
-44420
In base 5, what is 42 - -4420?
10012
In base 3, what is -22221 + -1000000?
-1022221
In base 6, what is 14500501 - -3?
14500504
In base 3, what is 1 + -2012121112?
-2012121111
In base 16, what is -566bd + 0?
-566bd
In base 8, what is -13 - 353?
-366
In base 9, what is 30 + 162507?
162537
In base 12, what is -8 + 73aa?
73a2
In base 14, what is -2 + 42395?
42393
In base 9, what is -5 - -84886?
84881
In base 9, what is -286 + -55?
-352
In base 12, what is -10 + 208b5?
208a5
In base 9, what is 6 + -3368?
-3362
In base 15, what is 3178 + -338?
2d40
In base 9, what is 3483 + 15?
3508
In base 6, what is -2 + 412?
410
In base 16, what is 61 + 170d?
176e
In base 7, what is -1 + 41040?
41036
In base 5, what is 11 + 2121130?
2121141
In base 16, what is a69 + 4?
a6d
In base 15, what is -46bad8 + 4?
-46bad4
In base 12, what is 199a - -5?
19a3
In base 16, what is 22e + -95?
199
In base 15, what is -2b + 124b9?
1248d
In base 11, what is -1413a3 + -2?
-1413a5
In base 14, what is 5 + 8d361?
8d366
In base 12, what is 10b - -642?
751
In base 14, what is 29863 - -4?
29867
In base 4, what is -2211 + 110330?
102113
In base 14, what is 1335 + -16?
131d
In base 6, what is -1 - 23144?
-23145
In base 12, what is 46 + -15320?
-15296
In base 16, what is 333 - 4ea?
-1b7
In base 14, what is 1258 + 122?
137a
In base 13, what is 60c - 667?
-58
In base 9, what is 5 + -18815?
-18810
In base 6, what is 12322 + 1320?
14042
In base 5, what is -1223114 - -1?
-1223113
In base 16, what is -40e6c - -4?
-40e68
In base 3, what is -1 - -2211102102?
2211102101
In base 12, what is 11 + 328a?
329b
In base 8, what is -24767 - 1273?
-26262
In base 9, what is -3 + -106845?
-106848
In base 5, what is 10100 + 3044?
13144
In base 9, what is 3 - 255546?
-255543
In base 3, what is -100 + -2020210?
-2021010
In base 16, what is -47 - 5ed?
-634
In base 2, what is -100010000 - -110001000?
1111000
In base 11, what is 13a63 + -3?
13a60
In base 10, what is -2307 + -2?
-2309
In base 12, what is -a786 - 13?
-a799
In base 6, what is -42 - -123400?
123314
In base 13, what is 4 + -b5c1?
-b5ba
In base 11, what is -1790 - -188?
-1603
In base 8, what is -333 + -47006?
-47341
In base 8, what is -463 - 1004?
-1467
In base 6, what is 20335 - -44?
20423
In base 6, what is 245000 + 1?
245001
In base 8, what is 4 - 14046?
-14042
In base 9, what is -284746 + 15?
-284731
In base 15, what is 3b92c - -2?
3b92e
In base 16, what is 0 + -f1ea?
-f1ea
In base 6, what is -5503551 - -10?
-5503541
In base 9, what is -14 - 110868?
-110883
In base 15, what is -b375 + -56?
-b3cb
In base 10, what is -63284 - -3?
-63281
In base 14, what is 91b8 - 44?
9174
In base 5, what is 331 + -244213?
-243332
In base 13, what is 365 + 10c?
474
In base 12, what is 1 + 14862?
14863
In base 5, what is -441 - 21241?
-22232
In base 3, what is -20 + 12012121?
12012101
In base 14, what is 34142 + 1?
34143
In base 8, what is 54 - -1620?
1674
In base 8, what is 7750 + -16?
7732
In base 5, what is -2 - -22011431?
22011424
In base 10, what is -6304 + 4?
-6300
In base 16, what is -228 + 13?
-215
In base 5, what is -1040312 - -3?
-1040304
In base 15, what is -1a9e6 - 7?
-1a9ed
In base 16, what is 3922 - 0?
3922
In base 6, what is 0 - -51122130